+ 1 + 7 + 4 - -4) + -1 - 38.
-30
Evaluate (-13 - -13) + (-277 - -339).
62
Calculate 18 + (-15 - -20) + -9 - (-6 + 2 - -1).
17
Evaluate -38 - (69 + -13 - 9).
-85
8 + (10 - 17) - (-1 - (-1 + 8))
9
What is 2 - (4 - (0 - 9) - (0 + -20 - 20))?
-51
What is the value of 16 - (27 - (-7 + 67))?
49
-1633 + 1648 + (-36 - -2)
-19
What is the value of 120 - (-24 + 25 - -62)?
57
What is -12 + (-42 + 66 - -28) + 33?
73
What is the value of (-1245 - -1239) + (0 - 5) + 68?
57
Evaluate -3 + 13 - (67 + -53 - 9).
5
(-21 - -4) + -27 + -15 + 17
-42
What is the value of 18 - (2 + -1 + -1 + (-211 - (-124 + -86)))?
19
What is the value of -14 - (33 + -34 + 13 + -22)?
-4
-34 + (-4 - -42) + -41
-37
Evaluate 34 + 7 - (-232 - -228).
45
Evaluate -8 + 46 - 37 - -9.
10
What is -58 - (-8 + 2) - (-4 + -1 - (-167 + 162))?
-52
Evaluate -66 + -12 - -44 - -1.
-33
What is 1125 + -1291 + 4 + (36 - 4)?
-130
Calculate -71 + 95 - (2 + -5 - -6).
21
What is (-15 - -14) + 77 + -46?
30
-1 + 3 + 19692 + -19623
71
What is the value of -20 + 108 - (76 + -26)?
38
What is 105 + -99 + 21 - (0 + 35)?
-8
Calculate -3763 + 3822 + 1 + -48.
12
What is the value of -28 - (37 + 18 + -127)?
44
Evaluate 719 + -740 + (-4 - -8).
-17
Evaluate -9 + (-18 - ((-3 - -4) + (-1 - 8) + 0)).
-19
(6 - 3 - 3 - -8 - (-7 - 35)) + -2
48
What is (21 - (12 + -47 - -19)) + 1 + -1?
37
-3575 + 3611 - (96 - 2)
-58
Calculate (-43 + 24 - -24) + (-8 - (2 + -82)).
77
What is the value of (-25 - -28) + (4 + 2 - ((-9 - 2) + 1))?
19
-1668 + 1689 + (4 - 0) + -8
17
Evaluate 23 - (23 + -98 - -11) - (-6 + 0).
93
Calculate (18 + -32 - 3 - -21) + (-9 - 62).
-67
What is 37 + -99 + -10 + 36 + 31?
-5
What is the value of 46 + (-58 - -18) + 15?
21
Evaluate (-74 - 25) + 243 + -199.
-55
Evaluate -120 - -62 - 54 - -115.
3
What is 33 + 47 - 41 - 13?
26
Calculate -35 + 33 + 19 + -17.
0
34 + 1 + 6 + -21 + 27 + -6
41
What is 121 + -303 + 157 - (-31 - 1)?
7
Calculate 31 - (10 + (-30 - -15 - -20)).
16
-55 + (5 - -15) + -1
-36
356 - 357 - (18 + -1) - (-2 + 15)
-31
What is the value of -37 - (-115 + (92 - -92))?
-106
Evaluate -50 + -1 - (1326 - 1391).
14
Calculate (-2 - (72 - 58)) + (2 - -23).
9
What is 360 + -258 - (108 + -5)?
-1
Evaluate (20 - (-2 + 3)) + 15 + -147 + 54.
-59
What is -77 - (34 - (107 + -33))?
-37
Calculate 1288 - 1319 - (49 - -1 - -4).
-85
What is (0 - (45 + -24)) + 47 + (1 - -1)?
28
(3 + 0 - 9) + 17 + 79 + -53
37
Evaluate 0 + -32 - (-263 + -81 - -264).
48
Evaluate -24 + 1 - (248 + -270) - 36.
-37
Calculate (1 - 8) + 43 + (-5 - (-9 - 6)).
46
Calculate (-22 + 55 - 29) + (-3 - 1).
0
Calculate -90 + 11 - 5 - -46.
-38
Calculate 68 + 3 + (-67 - -108).
112
Evaluate 34 + -29 + 21 + -3 + 46.
69
What is -65 + 33 + (6 - (4 + 2))?
-32
What is -7 + 12 + (7 - 7) + -59 - (8 - -3)?
-65
Calculate 86 + (-54 - (7 - 6)).
31
What is 34 + -33 + 3 + -12 + 100 + 11?
103
What is the value of 27 + -1 + (43 - 47) - 4?
18
What is the value of 32 + -135 + (284 - 255)?
-74
Evaluate (291 - 193) + -42 - (0 + 0).
56
Calculate 58 + (-32 - (41 + -20)).
5
What is the value of -104 - (-86 + (-1 - -36))?
-53
What is (27 - (-17 + -2 + -11)) + 1?
58
What is the value of (-5 + 0 - (-3 - 13 - (11 - 33))) + -4?
-15
What is -8 - (34 + -45) - 32 - 8?
-37
What is the value of -64 - -67 - (25 - 3 - -5)?
-24
Evaluate 49 + (7 - 8) + -36.
12
Calculate -1922 - -1907 - (70 - -5).
-90
Evaluate 20 + 1 - (-389 - -455).
-45
What is the value of -139 + (-15 - 44) + 141?
-57
16 + -38 - (-32 - -30 - (-5 - 0))
-25
Evaluate 91 + -20 + -81 + -1 + 44 + 2.
35
What is -54 + 2 + (28 - (58 + -23 + -26))?
-33
65 + 1 + -46 + -81
-61
What is (8 + -2 - (4 - -11) - 83) + 18?
-74
Evaluate 92 + -131 - -86 - ((-2 + 2 - 0) + 3).
44
157 + -94 + -48 + -24
-9
Evaluate 99 + -59 + -79 + 114.
75
What is the value of 52 - (-48 - -4 - -15 - -7)?
74
What is (25 - (-15 + 14 - -11)) + 43?
58
(-42 - 18) + 67 + -52 + 1 + (-3 - -2)
-45
-19 - -69 - 31 - 7
12
Calculate (1 - 0) + 1 + -77 + 52 + (-139 - -90).
-72
Evaluate (-14 + (4 + -13 - -47) - 3) + -160.
-139
What is 12 + 16 + -12 + 5 - (22 + -10)?
9
Calculate (-18 - (59 - 44)) + -46.
-79
What is the value of -60 - 1 - (48 + -14 + -55 - -23)?
-63
What is the value of -2 + (-13 + (9 - -4) - -9) - 43?
-36
What is (10 + 3 + -11 - (1 + 3)) + 13 - -1?
12
Evaluate (5 - (-1 + 17)) + (-280 - -274).
-17
-7 - -6 - (-103 - -100) - (-2 - 1)
5
Evaluate -218 - -100 - (-119 - -15).
-14
23 - (12 - 3 - (19 - 16))
17
What is 33 - (-73 - -21 - (4 - 46))?
43
Calculate (39 - (-7 - -52)) + (-1 - (0 - 2)) + -2.
-7
(-4 - ((25 - 24) + -2)) + 2 + -1 + -37
-39
What is (-16 - (-41 + 18)) + -9?
-2
Calculate (-308 - -349) + -5 + -2.
34
Calculate (19 - -4) + -13 - -1 - 67.
-56
74 - (-4 - 11 - -8 - -29)
52
-125 + (-11 - -62 - 8)
-82
(-51 - -87 - 116) + 7
-73
-190 + 257 + (6 - 63)
10
What is (-15 - 15) + 59 + (-4 - 36)?
-11
(-6 - (5 + 29 - 31)) + 23 + 1
15
What is 15 + 2 - (-15 + 4)?
28
Evaluate 51 + (-10 - -44) - (-6 - -28).
63
Calculate 34 - (210 + (-16 - 20) - 10).
-130
Evaluate 4 + -1 + 1054 + -1057 - 11.
-11
What is -55 - (-25 - (-49 + 16)) - -32?
-31
22 - (33 - 65 - -59) - (22 + 1)
-28
Evaluate 11 + -25 - ((15 - (3 - -4)) + 3 + 97).
-122
Calculate -54 - (-10 + (2 - -19 - -12 - 7) - 4).
-66
What is -2 + 52 + (-18 + 18 - 1) + -13?
36
Evaluate (16 - 17) + (-14 - 0) + (425 - 460).
-50
What is (3 - -1) + (-130 - -223 - 132)?
-35
9 + -10 + (-11 - 12) + 12
-12
Calculate (1 - -7) + (28 - (47 - (27 + 18))).
34
What is the value of -8 + (78 - 0) + -572 + 559?
57
What is the value of 45 + (-118 - -139 - (6 - -1))?
59
Evaluate 58 + -144 + 83 - (-19 + -7).
23
Calculate -41 + 34 - (-486 + 429).
50
Calculate 10 - 23 - ((-11 - -1) + -31 + 18).
10
Evaluate -49 - (9 + (10 - (-32 - -33))).
-67
Evaluate (11 - (-35 + -22 + 3)) + -7.
58
(2 - 23) + 61 - (33 - 13) - 50
-30
What is (-83 - (-260 - -146)) + (-7 - 3)?
21
What is the value of 61 - 1 - -1 - (475 + 414 + -882)?
54
14 + -27 + 10 + (5 - 1 - 11)
-10
Calculate 17 - (5 + (31 - 37) - (-2 - -3)).
19
What is (2 - -1) + 30 + -26 + -59 + (-8 - -1)?
-59
(-2 - -2) + -12 - (1 + 2) - (6 - 7)
-14
What is (-13 - (42 - 6)) + (3 - (5 + -2))?
-49
Calculate (1 - -18) + (-293 - -346).
72
(13 - 2 - (-490 + 507)) + -25
-31
What is the value of (-1 + 2 - 2) + (22 - 2 - (0 + -59))?
78
What is the value of 12 + (0 + 1 - -1) - (74 - 278 - -280)?
-62
Evaluate 17 + -13 + (32 - 40) + 3 + (-3 - -2).
-2
Evaluate 63 + (-158 - -96) + 120.
121
Evaluate 1 - 20 - ((11 - -11) + 0).
-41
What is 74 + (7 - 1) + (-15 - -20) + -2 + 0?
83
Evaluate (-17 - (-13 - -6)) + (112 - 0 - (54 - 54)).
102
What is the value of 1 + (-12 - -30 - 15) - (-3 + (11 - 10))?
6
Evaluate 0 + 0 + (2 - -83) - (-17 - (31 + -36)).
97
(48 - 85 - -125) + -37
51
What is the value of 24 + (-1 - 22) + (35 - (-56 + 74))?
18
-117 - -98 - (-1 - (28 + -1))
9
Evaluate (76 - 76 - 16) + 116 + 1.
101
-621 + 654 + -24 + 0 + (-19 - -2)
-8
112 + (-85 - (-121 - -70))
78
92 - 57 - 58 - -13
-10
Calculate 5 + (-275 + 270 - (2 + -8)) + 70.
76
Calculate 1501 - 1349 - (49 + 0) - (-5 - (0 - 1)).
107
Evaluate 86 + -4 + (3 - -3 - (12 + (1 - 8))).
83
What is the value of -40 - (-320 + 410 + (-42 - -2))?
-90
Evaluate -1 + 9 - ((17 + -45 - -42) + -2).
-4
Calculate (28 - -9 - 18 - 25) + 24.
18
What is (-26 - -54 - -1) + -28?
1
133 - (24 - (34 - 28) - 4)
119
What is the value of 45 + -78 + 100 + -21?
46
Calculate 25 + -11 + -31 + (-12 - 18).
-47
12 + (-8 + 8 - 20) - -50 - 8
34
What is -70 + (-1 - (0 + -1)) - (449 - (661 - 208))?
-66
Calculate -4 + -65 + 0 + (-6 + 2 + 9 - -3).
-61
Calculate 1 + -6 + (42 - (48 + -15)) + -21.
-17
(-5 - -1) + -23 + 3 + 12
-12
Calculate -18 + -10 + -22 - -19 - -39.
8
Calculate (-4433 - -4439) + (62 - (0 - -3)).
65
Calculate (0 - 16 - 40) + (-23 - (25 - 55)).
-49
What is (60 - (7 + 33)) + 0 + -42?
-22
What is -90 + (14 + -37 - -70)?
-43
What is 25 + (9 - 25) - (7 + -3 + 0 + 6)?
-1
What is the value of -338 + (122 - -11) + 94?
-111
Evaluate 33 + (-13 - 6) + (8 - (-1 - -1)).
22
What is the value of (267 - 353) + (2 - 6 - (-11 - (0 - -2)))?
-77
What is the value of -3 - ((-7 - -17 - -19) + -20)?
-12
Calculate (28 - 242 - -207) + (1 + 2 - (-2 + 1)).
-3
What is the value of 20 + (-80 - (-89 - -59))?
-30
-4 + -74 + 14 + (7 - -11) + -35
-81
What is the value of -44 + 23 + (-20 - 0)?
-41
-3252 - -3226 - (-2 - -2 - 8 - -1)
-19
What is the v